is divided by 19.
15
Calculate the remainder when 205 is divided by 52.
49
Calculate the remainder when 433 is divided by 147.
139
Calculate the remainder when 53 is divided by 45.
8
Calculate the remainder when 143 is divided by 100.
43
What is the remainder when 112 is divided by 39?
34
What is the remainder when 183 is divided by 31?
28
What is the remainder when 1962 is divided by 16?
10
What is the remainder when 53 is divided by 11?
9
Calculate the remainder when 6582 is divided by 74.
70
What is the remainder when 7321 is divided by 915?
1
Calculate the remainder when 3360 is divided by 187.
181
What is the remainder when 584 is divided by 60?
44
Calculate the remainder when 2272 is divided by 174.
10
What is the remainder when 286 is divided by 62?
38
Calculate the remainder when 3951 is divided by 8.
7
Calculate the remainder when 720 is divided by 66.
60
Calculate the remainder when 256 is divided by 26.
22
What is the remainder when 713 is divided by 17?
16
What is the remainder when 508 is divided by 124?
12
Calculate the remainder when 723 is divided by 25.
23
What is the remainder when 12701 is divided by 385?
381
What is the remainder when 87 is divided by 3?
0
Calculate the remainder when 98 is divided by 33.
32
Calculate the remainder when 510 is divided by 128.
126
Calculate the remainder when 692 is divided by 17.
12
What is the remainder when 60 is divided by 11?
5
What is the remainder when 182 is divided by 83?
16
Calculate the remainder when 375 is divided by 184.
7
Calculate the remainder when 266 is divided by 16.
10
What is the remainder when 5298 is divided by 104?
98
Calculate the remainder when 504 is divided by 126.
0
Calculate the remainder when 703 is divided by 44.
43
Calculate the remainder when 678 is divided by 49.
41
What is the remainder when 1333 is divided by 259?
38
What is the remainder when 704 is divided by 171?
20
Calculate the remainder when 78 is divided by 17.
10
Calculate the remainder when 565 is divided by 50.
15
What is the remainder when 195 is divided by 4?
3
What is the remainder when 8226 is divided by 211?
208
Calculate the remainder when 653 is divided by 109.
108
Calculate the remainder when 16 is divided by 10.
6
Calculate the remainder when 1935 is divided by 51.
48
What is the remainder when 36 is divided by 15?
6
What is the remainder when 824 is divided by 118?
116
What is the remainder when 179 is divided by 13?
10
Calculate the remainder when 6318 is divided by 12.
6
Calculate the remainder when 4929 is divided by 17.
16
Calculate the remainder when 139 is divided by 33.
7
What is the remainder when 2535 is divided by 27?
24
What is the remainder when 3137 is divided by 20?
17
Calculate the remainder when 223 is divided by 95.
33
What is the remainder when 4654 is divided by 8?
6
What is the remainder when 235 is divided by 73?
16
What is the remainder when 146 is divided by 25?
21
What is the remainder when 146 is divided by 7?
6
What is the remainder when 29 is divided by 5?
4
Calculate the remainder when 879 is divided by 40.
39
What is the remainder when 63 is divided by 25?
13
Calculate the remainder when 1107 is divided by 210.
57
Calculate the remainder when 69 is divided by 10.
9
Calculate the remainder when 1295 is divided by 27.
26
What is the remainder when 1817 is divided by 20?
17
Calculate the remainder when 141 is divided by 70.
1
Calculate the remainder when 181 is divided by 41.
17
Calculate the remainder when 402 is divided by 7.
3
What is the remainder when 239 is divided by 27?
23
What is the remainder when 1039 is divided by 86?
7
Calculate the remainder when 677 is divided by 34.
31
What is the remainder when 104 is divided by 27?
23
Calculate the remainder when 846 is divided by 4.
2
What is the remainder when 3305 is divided by 167?
132
What is the remainder when 2832 is divided by 105?
102
What is the remainder when 1549 is divided by 115?
54
What is the remainder when 297 is divided by 59?
2
Calculate the remainder when 2923 is divided by 38.
35
What is the remainder when 494 is divided by 25?
19
What is the remainder when 1547 is divided by 36?
35
What is the remainder when 175 is divided by 165?
10
Calculate the remainder when 141 is divided by 17.
5
Calculate the remainder when 1935 is divided by 17.
14
Calculate the remainder when 70 is divided by 37.
33
What is the remainder when 748 is divided by 69?
58
Calculate the remainder when 1333 is divided by 22.
13
Calculate the remainder when 106 is divided by 54.
52
Calculate the remainder when 318 is divided by 29.
28
What is the remainder when 3835 is divided by 22?
7
What is the remainder when 413 is divided by 134?
11
Calculate the remainder when 37654 is divided by 85.
84
What is the remainder when 227 is divided by 106?
15
What is the remainder when 538 is divided by 9?
7
Calculate the remainder when 3393 is divided by 1122.
27
Calculate the remainder when 15911 is divided by 15.
11
What is the remainder when 80 is divided by 42?
38
What is the remainder when 146 is divided by 35?
6
Calculate the remainder when 263 is divided by 12.
11
Calculate the remainder when 639 is divided by 19.
12
Calculate the remainder when 99 is divided by 20.
19
What is the remainder when 1098 is divided by 896?
202
Calculate the remainder when 3199 is divided by 57.
7
Calculate the remainder when 3175 is divided by 49.
39
Calculate the remainder when 26 is divided by 20.
6
Calculate the remainder when 585 is divided by 29.
5
Calculate the remainder when 2102 is divided by 2098.
4
What is the remainder when 3962 is divided by 792?
2
Calculate the remainder when 1560 is divided by 43.
12
What is the remainder when 1342 is divided by 28?
26
Calculate the remainder when 368 is divided by 20.
8
What is the remainder when 165 is divided by 9?
3
Calculate the remainder when 1030 is divided by 22.
18
What is the remainder when 7562 is divided by 1890?
2
What is the remainder when 1114 is divided by 92?
10
Calculate the remainder when 650 is divided by 189.
83
Calculate the remainder when 168 is divided by 49.
21
What is the remainder when 2112 is divided by 106?
98
What is the remainder when 229 is divided by 9?
4
What is the remainder when 2360 is divided by 195?
20
What is the remainder when 2637 is divided by 29?
27
What is the remainder when 1333 is divided by 67?
60
Calculate the remainder when 4996 is divided by 42.
40
What is the remainder when 103 is divided by 21?
19
What is the remainder when 730 is divided by 20?
10
What is the remainder when 2455 is divided by 60?
55
Calculate the remainder when 454 is divided by 437.
17
What is the remainder when 474 is divided by 77?
12
What is the remainder when 429 is divided by 62?
57
What is the remainder when 283 is divided by 9?
4
What is the remainder when 88 is divided by 23?
19
Calculate the remainder when 177 is divided by 75.
27
What is the remainder when 1049 is divided by 15?
14
Calculate the remainder when 718 is divided by 35.
18
What is the remainder when 158 is divided by 9?
5
What is the remainder when 57 is divided by 9?
3
Calculate the remainder when 525 is divided by 8.
5
Calculate the remainder when 202 is divided by 87.
28
What is the remainder when 91 is divided by 9?
1
Calculate the remainder when 571 is divided by 283.
5
What is the remainder when 501 is divided by 160?
21
Calculate the remainder when 32 is divided by 6.
2
Calculate the remainder when 4752 is divided by 280.
272
What is the remainder when 355 is divided by 119?
117
Calculate the remainder when 3185 is divided by 118.
117
What is the remainder when 1398 is divided by 35?
33
What is the remainder when 609 is divided by 95?
39
What is the remainder when 224 is divided by 188?
36
What is the remainder when 348 is divided by 70?
68
What is the remainder when 525 is divided by 11?
8
Calculate the remainder when 372 is divided by 76.
68
What is the remainder when 126 is divided by 35?
21
Calculate the remainder when 63 is divided by 22.
19
Calculate the remainder when 1091 is divided by 42.
41
What is the remainder when 318 is divided by 32?
30
Calculate the remainder when 607 is divided by 126.
103
What is the remainder when 673 is divided by 221?
10
Calculate the remainder when 1387 is 